{"id":30,"date":"2024-10-06T18:00:46","date_gmt":"2024-10-06T16:00:46","guid":{"rendered":"https:\/\/testeban.alwaysdata.net\/wordpress\/?page_id=30"},"modified":"2026-01-08T13:09:14","modified_gmt":"2026-01-08T11:09:14","slug":"qui-suis-je","status":"publish","type":"page","link":"https:\/\/valerieaudren.fr\/index.php\/qui-suis-je\/","title":{"rendered":"Qui suis-je ?"},"content":{"rendered":"\n<div class=\"wp-block-cover alignfull\" style=\"padding-top:2%;min-height:20rem;aspect-ratio:unset;\"><span aria-hidden=\"true\" class=\"wp-block-cover__background has-black-background-color has-background-dim-30 has-background-dim\"><\/span><img loading=\"lazy\" decoding=\"async\" width=\"1494\" height=\"1254\" class=\"wp-block-cover__image-background wp-image-213\" alt=\"\" src=\"http:\/\/testeban.alwaysdata.net\/wordpress\/wp-content\/uploads\/2024\/10\/Capture_da__eI_cran_2023-09-18_aI__15.39.41-transformed-1.png\" style=\"object-position:50% 22%\" data-object-fit=\"cover\" data-object-position=\"50% 22%\" srcset=\"https:\/\/valerieaudren.fr\/wp-content\/uploads\/2024\/10\/Capture_da__eI_cran_2023-09-18_aI__15.39.41-transformed-1.png 1494w, https:\/\/valerieaudren.fr\/wp-content\/uploads\/2024\/10\/Capture_da__eI_cran_2023-09-18_aI__15.39.41-transformed-1-300x252.png 300w, https:\/\/valerieaudren.fr\/wp-content\/uploads\/2024\/10\/Capture_da__eI_cran_2023-09-18_aI__15.39.41-transformed-1-1024x860.png 1024w, https:\/\/valerieaudren.fr\/wp-content\/uploads\/2024\/10\/Capture_da__eI_cran_2023-09-18_aI__15.39.41-transformed-1-768x645.png 768w\" sizes=\"(max-width: 1494px) 100vw, 1494px\" \/><div class=\"wp-block-cover__inner-container has-global-padding is-layout-constrained wp-container-core-cover-is-layout-1 wp-block-cover-is-layout-constrained\">\n<div class=\"wp-block-group alignwide is-vertical is-content-justification-center is-layout-flex wp-container-core-group-is-layout-2 wp-block-group-is-layout-flex\" style=\"min-height:8rem\">\n<div class=\"wp-block-group has-global-padding is-layout-constrained wp-container-core-group-is-layout-1 wp-block-group-is-layout-constrained\">\n<h2 class=\"wp-block-heading has-text-align-center montserrat has-text-color has-montserrat-font-family\" style=\"color:#ffffff;margin-top:2rem;margin-bottom:0rem;font-size:clamp(2.071rem, 2.071rem + ((1vw - 0.2rem) * 2.98), 3.71rem);font-style:normal;font-weight:400;line-height:1\">Qui suis-je ?<\/h2>\n<\/div>\n<\/div>\n<\/div><\/div>\n\n\n\n<div class=\"wp-block-group alignfull has-global-padding is-layout-constrained wp-container-core-group-is-layout-5 wp-block-group-is-layout-constrained\" style=\"padding-top:80px;padding-right:20px;padding-bottom:40px;padding-left:20px\">\n<div class=\"wp-block-columns is-layout-flex wp-container-core-columns-is-layout-2 wp-block-columns-is-layout-flex\" style=\"border-radius:15px;padding-top:0px;padding-right:0px;padding-bottom:0px;padding-left:0px\">\n<div class=\"wp-block-column is-layout-flow wp-block-column-is-layout-flow\" style=\"flex-basis:66.66%\">\n<div class=\"wp-block-group alignfull has-global-padding is-layout-constrained wp-container-core-group-is-layout-3 wp-block-group-is-layout-constrained\" style=\"padding-top:0px;padding-right:0px;padding-bottom:0px;padding-left:0px\">\n<h2 class=\"wp-block-heading has-custom-color-1-color has-text-color has-link-color has-montserrat-font-family wp-elements-b516a877f3a59835f297219183edee8f\">Mon parcours<\/h2>\n\n\n\n<div class=\"wp-block-columns is-layout-flex wp-container-core-columns-is-layout-1 wp-block-columns-is-layout-flex\">\n<div class=\"wp-block-column is-layout-flow wp-block-column-is-layout-flow\">\n<p class=\"has-lato-font-family\">En 1995, j\u2019obtiens mon baccalaur\u00e9at et je d\u00e9marre une carri\u00e8re de danseuse professionnelle en danse classique puis en danse contemporaine. Je danse pour diff\u00e9rents ballets et compagnies, en France et en Europe, avec lesquelles je parcours le monde, gr\u00e2ce \u00e0 mon art, au fil des contrats.<\/p>\n\n\n\n<p class=\"has-lato-font-family\">En 2001, je consulte un psychanalyste et je m\u2019allonge sur mon premier divan. C\u2019est une r\u00e9v\u00e9lation. Je ressens le besoin profond de dire. Les mots d\u00e9pos\u00e9s dans l\u2019espace et \u00e0 un autre bienveillant et \u00e0 l\u2019\u00e9coute, me reviennent. Je m\u2019entends, je ressens et je commence \u00e0 entrevoir le pouvoir r\u00e9parateur de dire et d\u2019\u00eatre entendu, dans le lien.<\/p>\n\n\n\n<p class=\"has-lato-font-family\">En 2003, je deviens maman pour la premi\u00e8re fois. Je monte ma premi\u00e8re entreprise de cr\u00e9ation de bijoux. Faire de mes mains, travailler seule et faire pour autrui me procure de la satisfaction et de la joie.<\/p>\n\n\n\n<p class=\"has-lato-font-family\">En 2004, le lien \u00e0 l\u2019autre me manque. Je monte ma deuxi\u00e8me entreprise. J\u2019ouvre un commerce. J\u2019accueille, je conseille, je vends et j\u2019\u00e9coute.<\/p>\n\n\n\n<p class=\"has-lato-font-family\">En 2007, je deviens maman pour la deuxi\u00e8me fois. En parall\u00e8le, je continue mes rendez-vous hebdomadaires sur le divan, amorc\u00e9s depuis tout ce temps et je commence \u00e0 entrevoir le d\u00e9sir de devenir \u00e0 mon tour th\u00e9rapeute.<\/p>\n\n\n\n<p class=\"has-lato-font-family\">En 2010, j\u2019int\u00e8gre <a href=\"https:\/\/www.eepssa.org\/\">l\u2019EEPSSA<\/a>, \u00e9cole int\u00e9grative de psycho-socio-somato-analyse et je me sp\u00e9cialise en psychanalyse et en psychodrame. Cet enseignement me convient parce qu\u2019il est un juste \u00e9quilibre entre la th\u00e9orie et la pratique. Je continue ainsi \u00e0 plonger dans mon histoire personnelle tout en approfondissant mes connaissances en psychologie.<\/p>\n\n\n\n<p class=\"has-lato-font-family\">En 2013, je suis dipl\u00f4m\u00e9e et j\u2019ouvre mon cabinet \u00e0 Nantes o\u00f9 j\u2019exerce pendant 10 ans. J\u2019y re\u00e7ois les enfants, les adolescents, les adultes et les couples.<\/p>\n\n\n\n<p class=\"has-lato-font-family\">En 2015, je d\u00e9cide de rejoindre <a href=\"https:\/\/sectioncliniquenantes.fr\/\">l\u2019\u00e9cole de la Cause Freudienne de Nantes<\/a> afin d\u2019approfondir avec d\u2019autres professionnels la lecture des s\u00e9minaires de Jacques Lacan. D\u00e8s lors, mon orientation psychanalytique devient Lacanienne mettant le mot et sa richesse au centre de ma pratique.<\/p>\n\n\n\n<p class=\"has-lato-font-family\">En 2023, je m\u2019installe \u00e0 Batz-sur-mer, lieu de tous mes \u00e9t\u00e9s depuis 48 ans, avec la joie immense de r\u00e9pondre aux besoins psychologiques des batziens, batziennes et de toute la presqu&rsquo;\u00eele gu\u00e9randaise.<\/p>\n\n\n\n<p class=\"has-lato-font-family\">En 2024, je reprends les bancs de la formation afin de continuer \u00e0 nourrir ma pratique et d\u2019enrichir mon accompagnement des couples. J\u2019int\u00e8gre alors la communaut\u00e9 <a href=\"https:\/\/www.imago-france.fr\/page\/968014-presentation\">Imago\u00ae<\/a> France, pour devenir th\u00e9rapeute de couple Imago. Cette th\u00e9rapie vise \u00e0 prendre soin de la relation afin qu\u2019elle devienne plus consciente et un espace profond de r\u00e9paration :\u00ab Nous avons \u00e9t\u00e9 bless\u00e9s enfants, dans le lien, et c\u2019est dans le lien, qu\u2019adulte nous gu\u00e9rirons nos blessures \u00bb.<\/p>\n\n\n\n<p class=\"has-lato-font-family\">Depuis 2023, je vous re\u00e7ois donc en plein coeur du bourg de Batz. Je me d\u00e9place \u00e0 votre domicile si n\u00e9c\u00e9ssaire. Et vous pouvez me consulter \u00e9galement en visio.<\/p>\n<\/div>\n<\/div>\n<\/div>\n<\/div>\n\n\n\n<div class=\"wp-block-column has-background is-layout-flow wp-container-core-column-is-layout-3 wp-block-column-is-layout-flow\" style=\"border-left-style:none;border-left-width:0px;background-color:#ffffff;padding-top:0px;padding-right:0px;padding-bottom:0rem;padding-left:0px;flex-basis:266px\">\n<div style=\"height:0px\" aria-hidden=\"true\" class=\"wp-block-spacer\"><\/div>\n\n\n\n<div class=\"wp-block-group has-background has-global-padding is-layout-constrained wp-container-core-group-is-layout-4 wp-block-group-is-layout-constrained\" style=\"border-top-left-radius:15px;border-top-right-radius:15px;border-bottom-left-radius:15px;border-bottom-right-radius:15px;background-color:#f3f3f3;margin-top:var(--wp--preset--spacing--80);padding-top:24px;padding-right:24px;padding-bottom:180px;padding-left:24px\">\n<div style=\"height:23px\" aria-hidden=\"true\" class=\"wp-block-spacer\"><\/div>\n\n\n\n<figure class=\"wp-block-image aligncenter size-full is-resized has-custom-border\"><img loading=\"lazy\" decoding=\"async\" width=\"758\" height=\"790\" src=\"https:\/\/valerieaudren.fr\/wp-content\/uploads\/2024\/12\/unnamed.jpg\" alt=\"Moi\" class=\"wp-image-766\" style=\"border-radius:100px;width:181px;height:auto\" srcset=\"https:\/\/valerieaudren.fr\/wp-content\/uploads\/2024\/12\/unnamed.jpg 758w, https:\/\/valerieaudren.fr\/wp-content\/uploads\/2024\/12\/unnamed-288x300.jpg 288w\" sizes=\"(max-width: 758px) 100vw, 758px\" \/><\/figure>\n\n\n\n<h5 class=\"wp-block-heading has-text-align-center has-text-color has-link-color has-montserrat-font-family wp-elements-94deff58fb80296a5684fc3a175a3762\" style=\"color:#242925;margin-top:15px;padding-bottom:0px;font-size:clamp(0.875rem, 0.875rem + ((1vw - 0.2rem) * 0.591), 1.2rem);font-style:normal;font-weight:500;letter-spacing:1px;text-transform:none\">Val\u00e9rie Audren<\/h5>\n\n\n\n<div style=\"height:100px\" aria-hidden=\"true\" class=\"wp-block-spacer\"><\/div>\n\n\n\n<figure class=\"wp-block-image aligncenter size-full has-custom-border\"><img loading=\"lazy\" decoding=\"async\" width=\"287\" height=\"134\" src=\"https:\/\/valerieaudren.fr\/wp-content\/uploads\/2024\/12\/thumbnail_logo-eepssa.png\" alt=\"Logo EEPSSA\" class=\"wp-image-767\" style=\"border-radius:8px\"\/><\/figure>\n\n\n\n<div style=\"height:100px\" aria-hidden=\"true\" class=\"wp-block-spacer\"><\/div>\n\n\n\n<figure class=\"wp-block-image aligncenter size-full has-custom-border\"><img loading=\"lazy\" decoding=\"async\" width=\"321\" height=\"79\" src=\"https:\/\/valerieaudren.fr\/wp-content\/uploads\/2024\/12\/logo-ecole-de-la-cause-freudienne.png\" alt=\"Logo Ecole de la cause Freudienne\" class=\"wp-image-769\" style=\"border-radius:8px\" srcset=\"https:\/\/valerieaudren.fr\/wp-content\/uploads\/2024\/12\/logo-ecole-de-la-cause-freudienne.png 321w, https:\/\/valerieaudren.fr\/wp-content\/uploads\/2024\/12\/logo-ecole-de-la-cause-freudienne-300x74.png 300w\" sizes=\"(max-width: 321px) 100vw, 321px\" \/><\/figure>\n\n\n\n<div style=\"height:100px\" aria-hidden=\"true\" class=\"wp-block-spacer\"><\/div>\n\n\n\n<figure class=\"wp-block-image aligncenter size-full is-resized has-custom-border\"><img loading=\"lazy\" decoding=\"async\" width=\"358\" height=\"380\" src=\"https:\/\/valerieaudren.fr\/wp-content\/uploads\/2024\/12\/logo-imago.png\" alt=\"Logo Imago\" class=\"wp-image-770\" style=\"border-radius:8px;width:127px;height:auto\" srcset=\"https:\/\/valerieaudren.fr\/wp-content\/uploads\/2024\/12\/logo-imago.png 358w, https:\/\/valerieaudren.fr\/wp-content\/uploads\/2024\/12\/logo-imago-283x300.png 283w\" sizes=\"(max-width: 358px) 100vw, 358px\" \/><\/figure>\n<\/div>\n<\/div>\n<\/div>\n<\/div>\n\n\n\n<div class=\"wp-block-group is-vertical is-content-justification-center is-layout-flex wp-container-core-group-is-layout-6 wp-block-group-is-layout-flex\"><\/div>\n","protected":false},"excerpt":{"rendered":"<p>Mon parcours En 1995, j\u2019obtiens mon baccalaur\u00e9at et je d\u00e9marre une carri\u00e8re de danseuse professionnelle en danse classique puis en danse contemporaine. Je danse pour diff\u00e9rents ballets et compagnies, en France et en Europe, avec lesquelles je parcours le monde, gr\u00e2ce \u00e0 mon art, au fil des contrats. En 2001, je consulte un psychanalyste et [&hellip;]<\/p>\n","protected":false},"author":1,"featured_media":0,"parent":0,"menu_order":0,"comment_status":"closed","ping_status":"closed","template":"","meta":{"footnotes":""},"class_list":["post-30","page","type-page","status-publish","hentry"],"_links":{"self":[{"href":"https:\/\/valerieaudren.fr\/index.php\/wp-json\/wp\/v2\/pages\/30"}],"collection":[{"href":"https:\/\/valerieaudren.fr\/index.php\/wp-json\/wp\/v2\/pages"}],"about":[{"href":"https:\/\/valerieaudren.fr\/index.php\/wp-json\/wp\/v2\/types\/page"}],"author":[{"embeddable":true,"href":"https:\/\/valerieaudren.fr\/index.php\/wp-json\/wp\/v2\/users\/1"}],"replies":[{"embeddable":true,"href":"https:\/\/valerieaudren.fr\/index.php\/wp-json\/wp\/v2\/comments?post=30"}],"version-history":[{"count":79,"href":"https:\/\/valerieaudren.fr\/index.php\/wp-json\/wp\/v2\/pages\/30\/revisions"}],"predecessor-version":[{"id":962,"href":"https:\/\/valerieaudren.fr\/index.php\/wp-json\/wp\/v2\/pages\/30\/revisions\/962"}],"wp:attachment":[{"href":"https:\/\/valerieaudren.fr\/index.php\/wp-json\/wp\/v2\/media?parent=30"}],"curies":[{"name":"wp","href":"https:\/\/api.w.org\/{rel}","templated":true}]}}

<div class="wp-block-cover alignfull" style="padding-top:2%;min-height:20rem;aspect-ratio:unset;"><span aria-hidden="true" class="wp-block-cover__background has-black-background-color has-background-dim-30 has-background-dim"></span><img loading="lazy" decoding="async" width="1494" height="1254" class="wp-block-cover__image-background wp-image-213" alt="" src="http://testeban.alwaysdata.net/wordpress/wp-content/uploads/2024/10/Capture_da__eI_cran_2023-09-18_aI__15.39.41-transformed-1.png" style="object-position:50% 22%" data-object-fit="cover" data-object-position="50% 22%" srcset="https://valerieaudren.fr/wp-content/uploads/2024/10/Capture_da__eI_cran_2023-09-18_aI__15.39.41-transformed-1.png 1494w, https://valerieaudren.fr/wp-content/uploads/2024/10/Capture_da__eI_cran_2023-09-18_aI__15.39.41-transformed-1-300x252.png 300w, https://valerieaudren.fr/wp-content/uploads/2024/10/Capture_da__eI_cran_2023-09-18_aI__15.39.41-transformed-1-1024x860.png 1024w, https://valerieaudren.fr/wp-content/uploads/2024/10/Capture_da__eI_cran_2023-09-18_aI__15.39.41-transformed-1-768x645.png 768w" sizes="(max-width: 1494px) 100vw, 1494px" /><div class="wp-block-cover__inner-container has-global-padding is-layout-constrained wp-container-core-cover-is-layout-1 wp-block-cover-is-layout-constrained">
<div class="wp-block-group alignwide is-vertical is-content-justification-center is-layout-flex wp-container-core-group-is-layout-2 wp-block-group-is-layout-flex" style="min-height:8rem">
<div class="wp-block-group has-global-padding is-layout-constrained wp-container-core-group-is-layout-1 wp-block-group-is-layout-constrained">
<h2 class="wp-block-heading has-text-align-center montserrat has-text-color has-montserrat-font-family" style="color:#ffffff;margin-top:2rem;margin-bottom:0rem;font-size:clamp(2.071rem, 2.071rem + ((1vw - 0.2rem) * 2.98), 3.71rem);font-style:normal;font-weight:400;line-height:1">Qui suis-je ?</h2>
</div>
</div>
</div></div>



<div class="wp-block-group alignfull has-global-padding is-layout-constrained wp-container-core-group-is-layout-5 wp-block-group-is-layout-constrained" style="padding-top:80px;padding-right:20px;padding-bottom:40px;padding-left:20px">
<div class="wp-block-columns is-layout-flex wp-container-core-columns-is-layout-2 wp-block-columns-is-layout-flex" style="border-radius:15px;padding-top:0px;padding-right:0px;padding-bottom:0px;padding-left:0px">
<div class="wp-block-column is-layout-flow wp-block-column-is-layout-flow" style="flex-basis:66.66%">
<div class="wp-block-group alignfull has-global-padding is-layout-constrained wp-container-core-group-is-layout-3 wp-block-group-is-layout-constrained" style="padding-top:0px;padding-right:0px;padding-bottom:0px;padding-left:0px">
<h2 class="wp-block-heading has-custom-color-1-color has-text-color has-link-color has-montserrat-font-family wp-elements-b516a877f3a59835f297219183edee8f">Mon parcours</h2>



<div class="wp-block-columns is-layout-flex wp-container-core-columns-is-layout-1 wp-block-columns-is-layout-flex">
<div class="wp-block-column is-layout-flow wp-block-column-is-layout-flow">
<p class="has-lato-font-family">En 1995, j’obtiens mon baccalauréat et je démarre une carrière de danseuse professionnelle en danse classique puis en danse contemporaine. Je danse pour différents ballets et compagnies, en France et en Europe, avec lesquelles je parcours le monde, grâce à mon art, au fil des contrats.</p>



<p class="has-lato-font-family">En 2001, je consulte un psychanalyste et je m’allonge sur mon premier divan. C’est une révélation. Je ressens le besoin profond de dire. Les mots déposés dans l’espace et à un autre bienveillant et à l’écoute, me reviennent. Je m’entends, je ressens et je commence à entrevoir le pouvoir réparateur de dire et d’être entendu, dans le lien.</p>



<p class="has-lato-font-family">En 2003, je deviens maman pour la première fois. Je monte ma première entreprise de création de bijoux. Faire de mes mains, travailler seule et faire pour autrui me procure de la satisfaction et de la joie.</p>



<p class="has-lato-font-family">En 2004, le lien à l’autre me manque. Je monte ma deuxième entreprise. J’ouvre un commerce. J’accueille, je conseille, je vends et j’écoute.</p>



<p class="has-lato-font-family">En 2007, je deviens maman pour la deuxième fois. En parallèle, je continue mes rendez-vous hebdomadaires sur le divan, amorcés depuis tout ce temps et je commence à entrevoir le désir de devenir à mon tour thérapeute.</p>



<p class="has-lato-font-family">En 2010, j’intègre <a href="https://www.eepssa.org/">l’EEPSSA</a>, école intégrative de psycho-socio-somato-analyse et je me spécialise en psychanalyse et en psychodrame. Cet enseignement me convient parce qu’il est un juste équilibre entre la théorie et la pratique. Je continue ainsi à plonger dans mon histoire personnelle tout en approfondissant mes connaissances en psychologie.</p>



<p class="has-lato-font-family">En 2013, je suis diplômée et j’ouvre mon cabinet à Nantes où j’exerce pendant 10 ans. J’y reçois les enfants, les adolescents, les adultes et les couples.</p>



<p class="has-lato-font-family">En 2015, je décide de rejoindre <a href="https://sectioncliniquenantes.fr/">l’école de la Cause Freudienne de Nantes</a> afin d’approfondir avec d’autres professionnels la lecture des séminaires de Jacques Lacan. Dès lors, mon orientation psychanalytique devient Lacanienne mettant le mot et sa richesse au centre de ma pratique.</p>



<p class="has-lato-font-family">En 2023, je m’installe à Batz-sur-mer, lieu de tous mes étés depuis 48 ans, avec la joie immense de répondre aux besoins psychologiques des batziens, batziennes et de toute la presqu&rsquo;île guérandaise.</p>



<p class="has-lato-font-family">En 2024, je reprends les bancs de la formation afin de continuer à nourrir ma pratique et d’enrichir mon accompagnement des couples. J’intègre alors la communauté <a href="https://www.imago-france.fr/page/968014-presentation">Imago®</a> France, pour devenir thérapeute de couple Imago. Cette thérapie vise à prendre soin de la relation afin qu’elle devienne plus consciente et un espace profond de réparation :« Nous avons été blessés enfants, dans le lien, et c’est dans le lien, qu’adulte nous guérirons nos blessures ».</p>



<p class="has-lato-font-family">Depuis 2023, je vous reçois donc en plein coeur du bourg de Batz. Je me déplace à votre domicile si nécéssaire. Et vous pouvez me consulter également en visio.</p>
</div>
</div>
</div>
</div>



<div class="wp-block-column has-background is-layout-flow wp-container-core-column-is-layout-3 wp-block-column-is-layout-flow" style="border-left-style:none;border-left-width:0px;background-color:#ffffff;padding-top:0px;padding-right:0px;padding-bottom:0rem;padding-left:0px;flex-basis:266px">
<div style="height:0px" aria-hidden="true" class="wp-block-spacer"></div>



<div class="wp-block-group has-background has-global-padding is-layout-constrained wp-container-core-group-is-layout-4 wp-block-group-is-layout-constrained" style="border-top-left-radius:15px;border-top-right-radius:15px;border-bottom-left-radius:15px;border-bottom-right-radius:15px;background-color:#f3f3f3;margin-top:var(--wp--preset--spacing--80);padding-top:24px;padding-right:24px;padding-bottom:180px;padding-left:24px">
<div style="height:23px" aria-hidden="true" class="wp-block-spacer"></div>



<figure class="wp-block-image aligncenter size-full is-resized has-custom-border"><img loading="lazy" decoding="async" width="758" height="790" src="https://valerieaudren.fr/wp-content/uploads/2024/12/unnamed.jpg" alt="Moi" class="wp-image-766" style="border-radius:100px;width:181px;height:auto" srcset="https://valerieaudren.fr/wp-content/uploads/2024/12/unnamed.jpg 758w, https://valerieaudren.fr/wp-content/uploads/2024/12/unnamed-288x300.jpg 288w" sizes="(max-width: 758px) 100vw, 758px" /></figure>



<h5 class="wp-block-heading has-text-align-center has-text-color has-link-color has-montserrat-font-family wp-elements-94deff58fb80296a5684fc3a175a3762" style="color:#242925;margin-top:15px;padding-bottom:0px;font-size:clamp(0.875rem, 0.875rem + ((1vw - 0.2rem) * 0.591), 1.2rem);font-style:normal;font-weight:500;letter-spacing:1px;text-transform:none">Valérie Audren</h5>



<div style="height:100px" aria-hidden="true" class="wp-block-spacer"></div>



<figure class="wp-block-image aligncenter size-full has-custom-border"><img loading="lazy" decoding="async" width="287" height="134" src="https://valerieaudren.fr/wp-content/uploads/2024/12/thumbnail_logo-eepssa.png" alt="Logo EEPSSA" class="wp-image-767" style="border-radius:8px"/></figure>



<div style="height:100px" aria-hidden="true" class="wp-block-spacer"></div>



<figure class="wp-block-image aligncenter size-full has-custom-border"><img loading="lazy" decoding="async" width="321" height="79" src="https://valerieaudren.fr/wp-content/uploads/2024/12/logo-ecole-de-la-cause-freudienne.png" alt="Logo Ecole de la cause Freudienne" class="wp-image-769" style="border-radius:8px" srcset="https://valerieaudren.fr/wp-content/uploads/2024/12/logo-ecole-de-la-cause-freudienne.png 321w, https://valerieaudren.fr/wp-content/uploads/2024/12/logo-ecole-de-la-cause-freudienne-300x74.png 300w" sizes="(max-width: 321px) 100vw, 321px" /></figure>



<div style="height:100px" aria-hidden="true" class="wp-block-spacer"></div>



<figure class="wp-block-image aligncenter size-full is-resized has-custom-border"><img loading="lazy" decoding="async" width="358" height="380" src="https://valerieaudren.fr/wp-content/uploads/2024/12/logo-imago.png" alt="Logo Imago" class="wp-image-770" style="border-radius:8px;width:127px;height:auto" srcset="https://valerieaudren.fr/wp-content/uploads/2024/12/logo-imago.png 358w, https://valerieaudren.fr/wp-content/uploads/2024/12/logo-imago-283x300.png 283w" sizes="(max-width: 358px) 100vw, 358px" /></figure>
</div>
</div>
</div>
</div>



<div class="wp-block-group is-vertical is-content-justification-center is-layout-flex wp-container-core-group-is-layout-6 wp-block-group-is-layout-flex"></div>

<p>Mon parcours En 1995, j’obtiens mon baccalauréat et je démarre une carrière de danseuse professionnelle en danse classique puis en danse contemporaine. Je danse pour différents ballets et compagnies, en France et en Europe, avec lesquelles je parcours le monde, grâce à mon art, au fil des contrats. En 2001, je consulte un psychanalyste et [&hellip;]</p>
