{"id":618,"date":"2024-11-19T12:02:29","date_gmt":"2024-11-19T10:02:29","guid":{"rendered":"https:\/\/testeban.alwaysdata.net\/wordpress\/?page_id=618"},"modified":"2024-12-26T19:19:44","modified_gmt":"2024-12-26T17:19:44","slug":"mentions-legales","status":"publish","type":"page","link":"https:\/\/valerieaudren.fr\/index.php\/mentions-legales\/","title":{"rendered":"Mentions l\u00e9gales"},"content":{"rendered":"\n<div class=\"wp-block-cover alignfull\" style=\"padding-top:2%;min-height:20rem;aspect-ratio:unset;\"><span aria-hidden=\"true\" class=\"wp-block-cover__background has-black-background-color has-background-dim-30 has-background-dim\"><\/span><img loading=\"lazy\" decoding=\"async\" width=\"1494\" height=\"1254\" class=\"wp-block-cover__image-background wp-image-213\" alt=\"\" src=\"http:\/\/testeban.alwaysdata.net\/wordpress\/wp-content\/uploads\/2024\/10\/Capture_da__eI_cran_2023-09-18_aI__15.39.41-transformed-1.png\" style=\"object-position:50% 22%\" data-object-fit=\"cover\" data-object-position=\"50% 22%\" srcset=\"https:\/\/valerieaudren.fr\/wp-content\/uploads\/2024\/10\/Capture_da__eI_cran_2023-09-18_aI__15.39.41-transformed-1.png 1494w, https:\/\/valerieaudren.fr\/wp-content\/uploads\/2024\/10\/Capture_da__eI_cran_2023-09-18_aI__15.39.41-transformed-1-300x252.png 300w, https:\/\/valerieaudren.fr\/wp-content\/uploads\/2024\/10\/Capture_da__eI_cran_2023-09-18_aI__15.39.41-transformed-1-1024x860.png 1024w, https:\/\/valerieaudren.fr\/wp-content\/uploads\/2024\/10\/Capture_da__eI_cran_2023-09-18_aI__15.39.41-transformed-1-768x645.png 768w\" sizes=\"(max-width: 1494px) 100vw, 1494px\" \/><div class=\"wp-block-cover__inner-container has-global-padding is-layout-constrained wp-container-core-cover-is-layout-1 wp-block-cover-is-layout-constrained\">\n<div class=\"wp-block-group alignwide is-vertical is-content-justification-center is-layout-flex wp-container-core-group-is-layout-2 wp-block-group-is-layout-flex\" style=\"min-height:8rem\">\n<div class=\"wp-block-group has-global-padding is-layout-constrained wp-container-core-group-is-layout-1 wp-block-group-is-layout-constrained\">\n<h2 class=\"wp-block-heading has-text-align-center montserrat has-text-color has-montserrat-font-family\" style=\"color:#ffffff;margin-top:2rem;margin-bottom:0rem;font-size:clamp(2.071rem, 2.071rem + ((1vw - 0.2rem) * 2.98), 3.71rem);font-style:normal;font-weight:400;line-height:1\">Mentions l\u00e9gales<\/h2>\n<\/div>\n<\/div>\n<\/div><\/div>\n\n\n\n<div class=\"wp-block-group alignfull has-global-padding is-layout-constrained wp-container-core-group-is-layout-4 wp-block-group-is-layout-constrained\" style=\"padding-top:80px;padding-right:20px;padding-bottom:40px;padding-left:20px\">\n<div class=\"wp-block-columns is-layout-flex wp-container-core-columns-is-layout-2 wp-block-columns-is-layout-flex\" style=\"padding-top:0px;padding-right:0px;padding-bottom:0px;padding-left:0px\">\n<div class=\"wp-block-column is-layout-flow wp-block-column-is-layout-flow\">\n<div class=\"wp-block-group alignfull has-global-padding is-layout-constrained wp-container-core-group-is-layout-3 wp-block-group-is-layout-constrained\" style=\"padding-top:0px;padding-right:0px;padding-bottom:80px;padding-left:0px\">\n<div class=\"wp-block-columns is-layout-flex wp-container-core-columns-is-layout-1 wp-block-columns-is-layout-flex\">\n<div class=\"wp-block-column is-layout-flow wp-block-column-is-layout-flow\">\n<h1 class=\"wp-block-heading has-large-font-size\">Mentions l\u00e9gales<\/h1>\n\n\n\n<p>En vigueur au<\/p>\n\n\n\n<p>Conform\u00e9ment aux dispositions des Articles 6-III et 19 de la Loi n\u00b02004-575 du 21 juin 2004 pour la Confiance dans l\u2019\u00e9conomie num\u00e9rique, dite L.C.E.N., il est port\u00e9 \u00e0 la connaissance des utilisateurs et visiteurs, ci-apr\u00e8s l&rsquo;&nbsp;\u00bbUtilisateur&nbsp;\u00bb, du site&nbsp;<a href=\"https:\/\/testeban.alwaysdata.net\/wordpress\">Val\u00e9rie Audren<\/a>&nbsp;, ci-apr\u00e8s le \u00ab&nbsp;Site&nbsp;\u00bb, les pr\u00e9sentes mentions l\u00e9gales.<\/p>\n\n\n\n<p>La connexion et la navigation sur le Site par l\u2019Utilisateur implique acceptation int\u00e9grale et sans r\u00e9serve des pr\u00e9sentes mentions l\u00e9gales.<\/p>\n\n\n\n<p id=\"mlw-credits-show-more\">Voir les cr\u00e9dits.<\/p>\n\n\n\n<p><a href=\"https:\/\/webdeclic.com\/\" target=\"_blank\" rel=\"noreferrer noopener\"><\/a><\/p>\n\n\n\n<p><a href=\"https:\/\/testeban.alwaysdata.net\/wordpress\/index.php\/mentions-legales\/#\"><\/a><\/p>\n\n\n\n<h2 class=\"wp-block-heading has-medium-font-size\">ARTICLE 1 \u2013 L\u2019EDITEUR<\/h2>\n\n\n\n<p>L\u2019\u00e9dition du Site est assur\u00e9e par Val\u00e9rie Audren, domicili\u00e9 au 4 Rue des Pr\u00eatres, 44740 Batz-sur-Mer.<\/p>\n\n\n\n<p>Num\u00e9ro de t\u00e9l\u00e9phone : +33 7 77 69 71 94,<\/p>\n\n\n\n<p>Adresse e-mail : valerieaudren@gmail.com.<\/p>\n\n\n\n<h2 class=\"wp-block-heading has-medium-font-size\">ARTICLE 2 \u2013 L\u2019HEBERGEUR<\/h2>\n\n\n\n<p>L\u2019h\u00e9bergeur du Site est la soci\u00e9t\u00e9 Alwaysdata, dont le si\u00e8ge social est situ\u00e9 au 91 Rue du Faubourg Saint-Honor\u00e9, 75008 Paris , avec le num\u00e9ro de t\u00e9l\u00e9phone : 01 84 16 23 40.<\/p>\n\n\n\n<h2 class=\"wp-block-heading has-medium-font-size\">ARTICLE 3 \u2013 ACCES AU SITE<\/h2>\n\n\n\n<p>Le Site est accessible en tout endroit, 7j\/7, 24h\/24 sauf cas de force majeure, interruption programm\u00e9e ou non et pouvant d\u00e9coulant d\u2019une n\u00e9cessit\u00e9 de maintenance.<\/p>\n\n\n\n<p>En cas de modification, interruption ou suspension du Site, l\u2019Editeur ne saurait \u00eatre tenu responsable.<\/p>\n\n\n\n<h2 class=\"wp-block-heading has-medium-font-size\">ARTICLE 4 \u2013 COLLECTE DES DONNEES<\/h2>\n\n\n\n<p>Le Site ne collecte aucune donn\u00e9e personnelle.<\/p>\n\n\n\n<p>Toute utilisation, reproduction, diffusion, commercialisation, modification de toute ou partie du Site, sans autorisation de l\u2019Editeur est prohib\u00e9e et pourra entra\u00een\u00e9e des actions et poursuites judiciaires telles que notamment pr\u00e9vues par le Code de la propri\u00e9t\u00e9 intellectuelle et le Code civil.<\/p>\n\n\n\n<p>Pour plus d\u2019informations, se reporter aux CGU du site&nbsp;<a href=\"https:\/\/testeban.alwaysdata.net\/wordpress\">Val\u00e9rie Audren<\/a>&nbsp;accessible \u00e0 la rubrique \u00ab&nbsp;CGU&nbsp;\u00bb<\/p>\n\n\n\n<p>Pour plus d\u2019informations, se reporter aux CGV du site&nbsp;<a href=\"https:\/\/testeban.alwaysdata.net\/wordpress\">Val\u00e9rie Audren<\/a>&nbsp;accessible \u00e0 la rubrique \u00ab&nbsp;CGV&nbsp;\u00bb<\/p>\n\n\n\n<p>Pour plus d\u2019informations en mati\u00e8re de protection des donn\u00e9es \u00e0 caract\u00e8re personnel , se reporter \u00e0 la Charte en mati\u00e8re de protection des donn\u00e9es \u00e0 caract\u00e8re personnel du site&nbsp;<a href=\"https:\/\/testeban.alwaysdata.net\/wordpress\">Val\u00e9rie Audren<\/a>&nbsp;accessible \u00e0 la rubrique \u00ab&nbsp;Donn\u00e9es personnelles&nbsp;\u00bb<\/p>\n\n\n\n<p>Pour plus d\u2019informations en mati\u00e8re de cookies, se reporter \u00e0 la Charte en mati\u00e8re de cookies du site&nbsp;<a href=\"https:\/\/testeban.alwaysdata.net\/wordpress\">Val\u00e9rie Audren<\/a>&nbsp;accessible \u00e0 la rubrique \u00ab&nbsp;Cookies&nbsp;\u00bb<\/p>\n<\/div>\n<\/div>\n<\/div>\n<\/div>\n<\/div>\n<\/div>\n\n\n\n<p><\/p>\n","protected":false},"excerpt":{"rendered":"<p>Mentions l\u00e9gales En vigueur au Conform\u00e9ment aux dispositions des Articles 6-III et 19 de la Loi n\u00b02004-575 du 21 juin 2004 pour la Confiance dans l\u2019\u00e9conomie num\u00e9rique, dite L.C.E.N., il est port\u00e9 \u00e0 la connaissance des utilisateurs et visiteurs, ci-apr\u00e8s l&rsquo;&nbsp;\u00bbUtilisateur&nbsp;\u00bb, du site&nbsp;Val\u00e9rie Audren&nbsp;, ci-apr\u00e8s le \u00ab&nbsp;Site&nbsp;\u00bb, les pr\u00e9sentes mentions l\u00e9gales. La connexion et la [&hellip;]<\/p>\n","protected":false},"author":1,"featured_media":0,"parent":0,"menu_order":0,"comment_status":"closed","ping_status":"closed","template":"","meta":{"footnotes":""},"class_list":["post-618","page","type-page","status-publish","hentry"],"_links":{"self":[{"href":"https:\/\/valerieaudren.fr\/index.php\/wp-json\/wp\/v2\/pages\/618"}],"collection":[{"href":"https:\/\/valerieaudren.fr\/index.php\/wp-json\/wp\/v2\/pages"}],"about":[{"href":"https:\/\/valerieaudren.fr\/index.php\/wp-json\/wp\/v2\/types\/page"}],"author":[{"embeddable":true,"href":"https:\/\/valerieaudren.fr\/index.php\/wp-json\/wp\/v2\/users\/1"}],"replies":[{"embeddable":true,"href":"https:\/\/valerieaudren.fr\/index.php\/wp-json\/wp\/v2\/comments?post=618"}],"version-history":[{"count":5,"href":"https:\/\/valerieaudren.fr\/index.php\/wp-json\/wp\/v2\/pages\/618\/revisions"}],"predecessor-version":[{"id":899,"href":"https:\/\/valerieaudren.fr\/index.php\/wp-json\/wp\/v2\/pages\/618\/revisions\/899"}],"wp:attachment":[{"href":"https:\/\/valerieaudren.fr\/index.php\/wp-json\/wp\/v2\/media?parent=618"}],"curies":[{"name":"wp","href":"https:\/\/api.w.org\/{rel}","templated":true}]}}

Mentions légales

<div class="wp-block-cover alignfull" style="padding-top:2%;min-height:20rem;aspect-ratio:unset;"><span aria-hidden="true" class="wp-block-cover__background has-black-background-color has-background-dim-30 has-background-dim"></span><img loading="lazy" decoding="async" width="1494" height="1254" class="wp-block-cover__image-background wp-image-213" alt="" src="http://testeban.alwaysdata.net/wordpress/wp-content/uploads/2024/10/Capture_da__eI_cran_2023-09-18_aI__15.39.41-transformed-1.png" style="object-position:50% 22%" data-object-fit="cover" data-object-position="50% 22%" srcset="https://valerieaudren.fr/wp-content/uploads/2024/10/Capture_da__eI_cran_2023-09-18_aI__15.39.41-transformed-1.png 1494w, https://valerieaudren.fr/wp-content/uploads/2024/10/Capture_da__eI_cran_2023-09-18_aI__15.39.41-transformed-1-300x252.png 300w, https://valerieaudren.fr/wp-content/uploads/2024/10/Capture_da__eI_cran_2023-09-18_aI__15.39.41-transformed-1-1024x860.png 1024w, https://valerieaudren.fr/wp-content/uploads/2024/10/Capture_da__eI_cran_2023-09-18_aI__15.39.41-transformed-1-768x645.png 768w" sizes="(max-width: 1494px) 100vw, 1494px" /><div class="wp-block-cover__inner-container has-global-padding is-layout-constrained wp-container-core-cover-is-layout-1 wp-block-cover-is-layout-constrained">
<div class="wp-block-group alignwide is-vertical is-content-justification-center is-layout-flex wp-container-core-group-is-layout-2 wp-block-group-is-layout-flex" style="min-height:8rem">
<div class="wp-block-group has-global-padding is-layout-constrained wp-container-core-group-is-layout-1 wp-block-group-is-layout-constrained">
<h2 class="wp-block-heading has-text-align-center montserrat has-text-color has-montserrat-font-family" style="color:#ffffff;margin-top:2rem;margin-bottom:0rem;font-size:clamp(2.071rem, 2.071rem + ((1vw - 0.2rem) * 2.98), 3.71rem);font-style:normal;font-weight:400;line-height:1">Mentions légales</h2>
</div>
</div>
</div></div>



<div class="wp-block-group alignfull has-global-padding is-layout-constrained wp-container-core-group-is-layout-4 wp-block-group-is-layout-constrained" style="padding-top:80px;padding-right:20px;padding-bottom:40px;padding-left:20px">
<div class="wp-block-columns is-layout-flex wp-container-core-columns-is-layout-2 wp-block-columns-is-layout-flex" style="padding-top:0px;padding-right:0px;padding-bottom:0px;padding-left:0px">
<div class="wp-block-column is-layout-flow wp-block-column-is-layout-flow">
<div class="wp-block-group alignfull has-global-padding is-layout-constrained wp-container-core-group-is-layout-3 wp-block-group-is-layout-constrained" style="padding-top:0px;padding-right:0px;padding-bottom:80px;padding-left:0px">
<div class="wp-block-columns is-layout-flex wp-container-core-columns-is-layout-1 wp-block-columns-is-layout-flex">
<div class="wp-block-column is-layout-flow wp-block-column-is-layout-flow">
<h1 class="wp-block-heading has-large-font-size">Mentions légales</h1>



<p>En vigueur au</p>



<p>Conformément aux dispositions des Articles 6-III et 19 de la Loi n°2004-575 du 21 juin 2004 pour la Confiance dans l’économie numérique, dite L.C.E.N., il est porté à la connaissance des utilisateurs et visiteurs, ci-après l&rsquo;&nbsp;»Utilisateur&nbsp;», du site&nbsp;<a href="https://testeban.alwaysdata.net/wordpress">Valérie Audren</a>&nbsp;, ci-après le «&nbsp;Site&nbsp;», les présentes mentions légales.</p>



<p>La connexion et la navigation sur le Site par l’Utilisateur implique acceptation intégrale et sans réserve des présentes mentions légales.</p>



<p id="mlw-credits-show-more">Voir les crédits.</p>



<p><a href="https://webdeclic.com/" target="_blank" rel="noreferrer noopener"></a></p>



<p><a href="https://testeban.alwaysdata.net/wordpress/index.php/mentions-legales/#"></a></p>



<h2 class="wp-block-heading has-medium-font-size">ARTICLE 1 – L’EDITEUR</h2>



<p>L’édition du Site est assurée par Valérie Audren, domicilié au 4 Rue des Prêtres, 44740 Batz-sur-Mer.</p>



<p>Numéro de téléphone : +33 7 77 69 71 94,</p>



<p>Adresse e-mail : valerieaudren@gmail.com.</p>



<h2 class="wp-block-heading has-medium-font-size">ARTICLE 2 – L’HEBERGEUR</h2>



<p>L’hébergeur du Site est la société Alwaysdata, dont le siège social est situé au 91 Rue du Faubourg Saint-Honoré, 75008 Paris , avec le numéro de téléphone : 01 84 16 23 40.</p>



<h2 class="wp-block-heading has-medium-font-size">ARTICLE 3 – ACCES AU SITE</h2>



<p>Le Site est accessible en tout endroit, 7j/7, 24h/24 sauf cas de force majeure, interruption programmée ou non et pouvant découlant d’une nécessité de maintenance.</p>



<p>En cas de modification, interruption ou suspension du Site, l’Editeur ne saurait être tenu responsable.</p>



<h2 class="wp-block-heading has-medium-font-size">ARTICLE 4 – COLLECTE DES DONNEES</h2>



<p>Le Site ne collecte aucune donnée personnelle.</p>



<p>Toute utilisation, reproduction, diffusion, commercialisation, modification de toute ou partie du Site, sans autorisation de l’Editeur est prohibée et pourra entraînée des actions et poursuites judiciaires telles que notamment prévues par le Code de la propriété intellectuelle et le Code civil.</p>



<p>Pour plus d’informations, se reporter aux CGU du site&nbsp;<a href="https://testeban.alwaysdata.net/wordpress">Valérie Audren</a>&nbsp;accessible à la rubrique «&nbsp;CGU&nbsp;»</p>



<p>Pour plus d’informations, se reporter aux CGV du site&nbsp;<a href="https://testeban.alwaysdata.net/wordpress">Valérie Audren</a>&nbsp;accessible à la rubrique «&nbsp;CGV&nbsp;»</p>



<p>Pour plus d’informations en matière de protection des données à caractère personnel , se reporter à la Charte en matière de protection des données à caractère personnel du site&nbsp;<a href="https://testeban.alwaysdata.net/wordpress">Valérie Audren</a>&nbsp;accessible à la rubrique «&nbsp;Données personnelles&nbsp;»</p>



<p>Pour plus d’informations en matière de cookies, se reporter à la Charte en matière de cookies du site&nbsp;<a href="https://testeban.alwaysdata.net/wordpress">Valérie Audren</a>&nbsp;accessible à la rubrique «&nbsp;Cookies&nbsp;»</p>
</div>
</div>
</div>
</div>
</div>
</div>



<p></p>

<p>Mentions légales En vigueur au Conformément aux dispositions des Articles 6-III et 19 de la Loi n°2004-575 du 21 juin 2004 pour la Confiance dans l’économie numérique, dite L.C.E.N., il est porté à la connaissance des utilisateurs et visiteurs, ci-après l&rsquo;&nbsp;»Utilisateur&nbsp;», du site&nbsp;Valérie Audren&nbsp;, ci-après le «&nbsp;Site&nbsp;», les présentes mentions légales. La connexion et la [&hellip;]</p>
